ivided by 860.
253
What is the remainder when 7635 is divided by 313?
123
What is the remainder when 5217 is divided by 1732?
21
What is the remainder when 1545 is divided by 219?
12
What is the remainder when 192980 is divided by 64326?
2
What is the remainder when 4190 is divided by 130?
30
Calculate the remainder when 3747 is divided by 21.
9
What is the remainder when 3203 is divided by 757?
175
Calculate the remainder when 177156 is divided by 515.
511
Calculate the remainder when 17323 is divided by 206.
19
Calculate the remainder when 3044 is divided by 253.
8
What is the remainder when 2085 is divided by 296?
13
What is the remainder when 16429 is divided by 864?
13
Calculate the remainder when 712798 is divided by 18.
16
What is the remainder when 4248 is divided by 34?
32
Calculate the remainder when 286 is divided by 229.
57
What is the remainder when 3933 is divided by 1272?
117
Calculate the remainder when 22740 is divided by 21.
18
Calculate the remainder when 17005 is divided by 304.
285
What is the remainder when 964736 is divided by 192946?
6
Calculate the remainder when 78051 is divided by 41.
28
Calculate the remainder when 504385 is divided by 168125.
10
Calculate the remainder when 9746 is divided by 64.
18
What is the remainder when 652 is divided by 51?
40
What is the remainder when 190390 is divided by 129?
115
What is the remainder when 9766 is divided by 148?
146
What is the remainder when 486179 is divided by 1293?
11
What is the remainder when 13360 is divided by 1665?
40
What is the remainder when 9321 is divided by 502?
285
What is the remainder when 15422 is divided by 367?
8
What is the remainder when 171718 is divided by 324?
322
Calculate the remainder when 489 is divided by 57.
33
Calculate the remainder when 1025782 is divided by 30.
22
What is the remainder when 658942 is divided by 36?
34
What is the remainder when 22528 is divided by 979?
11
What is the remainder when 43798 is divided by 21864?
70
Calculate the remainder when 18095 is divided by 68.
7
Calculate the remainder when 34495 is divided by 115.
110
Calculate the remainder when 55275 is divided by 27637.
1
What is the remainder when 865439 is divided by 360?
359
Calculate the remainder when 165947 is divided by 532.
495
What is the remainder when 634 is divided by 179?
97
Calculate the remainder when 35423 is divided by 90.
53
What is the remainder when 14205 is divided by 222?
219
Calculate the remainder when 13591 is divided by 452.
31
Calculate the remainder when 13587 is divided by 252.
231
What is the remainder when 45953 is divided by 35?
33
Calculate the remainder when 8621 is divided by 2130.
101
Calculate the remainder when 7342 is divided by 10.
2
Calculate the remainder when 6297 is divided by 36.
33
Calculate the remainder when 20102 is divided by 29.
5
Calculate the remainder when 38276 is divided by 2733.
14
What is the remainder when 329283 is divided by 19?
13
What is the remainder when 23247 is divided by 152?
143
What is the remainder when 12293 is divided by 3067?
25
Calculate the remainder when 52383 is divided by 26164.
55
Calculate the remainder when 632 is divided by 485.
147
What is the remainder when 102952 is divided by 3321?
1
Calculate the remainder when 1870 is divided by 851.
168
What is the remainder when 9986 is divided by 386?
336
What is the remainder when 9522 is divided by 180?
162
Calculate the remainder when 1036369 is divided by 71.
53
Calculate the remainder when 9996 is divided by 346.
308
Calculate the remainder when 44422 is divided by 183.
136
What is the remainder when 9404 is divided by 852?
32
Calculate the remainder when 4773 is divided by 1185.
33
What is the remainder when 56798 is divided by 72?
62
What is the remainder when 5119 is divided by 1705?
4
Calculate the remainder when 51848 is divided by 570.
548
What is the remainder when 53411 is divided by 732?
707
Calculate the remainder when 33813 is divided by 71.
17
What is the remainder when 1208 is divided by 468?
272
Calculate the remainder when 91768 is divided by 21.
19
Calculate the remainder when 1464913 is divided by 47.
17
Calculate the remainder when 262118 is divided by 6393.
5
Calculate the remainder when 818 is divided by 43.
1
What is the remainder when 12944 is divided by 861?
29
Calculate the remainder when 374454 is divided by 23.
14
Calculate the remainder when 2799 is divided by 1332.
135
What is the remainder when 1970 is divided by 324?
26
Calculate the remainder when 5488 is divided by 61.
59
Calculate the remainder when 13982 is divided by 864.
158
What is the remainder when 432985 is divided by 101?
99
Calculate the remainder when 257663 is divided by 176.
175
Calculate the remainder when 12067 is divided by 12057.
10
What is the remainder when 654353 is divided by 1977?
1943
Calculate the remainder when 35610 is divided by 17769.
72
Calculate the remainder when 12157 is divided by 20.
17
Calculate the remainder when 89896 is divided by 32.
8
Calculate the remainder when 715651 is divided by 119274.
7
What is the remainder when 18915 is divided by 6?
3
Calculate the remainder when 24608 is divided by 21.
17
Calculate the remainder when 12577 is divided by 6126.
325
What is the remainder when 32975 is divided by 152?
143
Calculate the remainder when 3297 is divided by 719.
421
Calculate the remainder when 50646 is divided by 104.
102
What is the remainder when 1910446 is divided by 12?
10
What is the remainder when 9667 is divided by 374?
317
What is the remainder when 350725 is divided by 64?
5
What is the remainder when 30648 is divided by 33?
24
Calculate the remainder when 6457 is divided by 225.
157
Calculate the remainder when 11581 is divided by 3798.
187
What is the remainder when 14162 is divided by 2786?
232
Calculate the remainder when 1511 is divided by 397.
320
Calculate the remainder when 28158 is divided by 14068.
22
What is the remainder when 7493 is divided by 125?
118
Calculate the remainder when 191 is divided by 87.
17
Calculate the remainder when 3816 is divided by 222.
42
What is the remainder when 246863 is divided by 341?
320
What is the remainder when 42 is divided by 28?
14
Calculate the remainder when 2914677 is divided by 1070.
1067
What is the remainder when 2526 is divided by 2518?
8
Calculate the remainder when 2541 is divided by 2384.
157
Calculate the remainder when 86090 is divided by 3.
2
Calculate the remainder when 31710 is divided by 157.
153
Calculate the remainder when 4175 is divided by 1333.
176
What is the remainder when 117055 is divided by 38?
15
Calculate the remainder when 27499 is divided by 3926.
17
Calculate the remainder when 11172 is divided by 272.
20
What is the remainder when 5074 is divided by 1675?
49
What is the remainder when 38975 is divided by 1767?
101
Calculate the remainder when 30731 is divided by 3838.
27
What is the remainder when 2593 is divided by 2030?
563
What is the remainder when 6607 is divided by 3164?
279
Calculate the remainder when 3294 is divided by 260.
174
Calculate the remainder when 242754 is divided by 2056.
146
What is the remainder when 43337 is divided by 47?
3
What is the remainder when 3929 is divided by 377?
159
What is the remainder when 248 is divided by 45?
23
Calculate the remainder when 8286 is divided by 2757.
15
Calculate the remainder when 36662 is divided by 73.
16
What is the remainder when 352295 is divided by 325?
320
Calculate the remainder when 594253 is divided by 5036.
5
What is the remainder when 2594 is divided by 495?
119
Calculate the remainder when 2633 is divided by 461.
328
What is the remainder when 1194 is divided by 291?
30
Calculate the remainder when 2073 is divided by 209.
192
What is the remainder when 8534 is divided by 8493?
41
What is the remainder when 28810 is divided by 2878?
30
Calculate the remainder when 1266 is divided by 109.
67
What is the remainder when 9547 is divided by 680?
27
What is the remainder when 6716 is divided by 245?
101
What is the remainder when 49598 is divided by 16529?
11
What is the remainder when 11577 is divided by 3847?
36
Calculate the remainder when 62711 is divided by 113.
109
Calculate the remainder when 81291 is divided by 1660.
1611
Calculate the remainder wh